 j(g) be the first derivative of 0*g + 91 - 5/2*g**2. What is j(2)?
-10
Let j = -4813 - -4813. Suppose -5*f + 3*p = -17, -3*f + 0*f + 15 = -3*p. Let s(a) = a - 7. Let u(c) = 1. Let w(o) = f*s(o) + 4*u(o). Calculate w(j).
-3
Let n(a) = -15*a**2 - 2*a - 9. Suppose -32*f - 167 = 39*f - 25. Calculate n(f).
-65
Let b = 24 + -21. Suppose 2*y - b = 9. Let r(q) be the third derivative of -q**5/60 + q**4/3 - 3*q**3/2 + 7*q**2. Calculate r(y).
3
Let p(g) = 11*g - 30. Let x(w) = -9*w + 29. Let i(c) = 5*p(c) + 6*x(c). Let z be (2 + 0/3)*(-18 - -12). Determine i(z).
12
Let z(l) = -l**2 - 13*l + 13. Let d be ((-24)/(-10))/4 + (-47)/(-5). Let i be ((-28)/5)/(d/25). Calculate z(i).
-1
Let i(r) = 97*r + 5. Let u(q) = 33*q. Let j(p) = i(p) - 3*u(p). Let h(t) = t**3 + t**2 + 4. Let c be h(0). Give j(c).
-3
Let f(c) = 13*c**3 - 4*c**2 + 2*c - 1. Suppose 21*v - 24 + 52 - 49 = 0. Calculate f(v).
10
Let l(m) = -4*m**3 - 42*m**2 - 111*m + 10. Let r(f) = 2*f**3 + 22*f**2 + 54*f - 6. Let g(j) = -7*l(j) - 15*r(j). Give g(-17).
3
Suppose 8*s - 368 = -0*s. Let q = 48 - s. Let u be (q - 2 - 5)/(-1). Let p(l) = 3*l + 4. Give p(u).
19
Let y(q) = 8*q - 15. Let f(i) = 7*i - 15. Let j(s) = 7*f(s) - 6*y(s). Let w(z) = 26*z - 246. Let k be w(10). Determine j(k).
-1
Let v be 2/(-12) - 2316/(-72). Let r(i) = 1 + 31*i - 2*i**2 + 1 - v*i. Let g be ((-11)/((-264)/18))/((-1)/(-4)). Determine r(g).
-19
Let w(d) = 9*d + 8. Let s = 1 + 4. Let o(m) = -24*m + 16*m - 48367 + 48360. Let y(k) = s*o(k) + 4*w(k). Give y(-3).
9
Suppose 203*v - 1 = 202*v + b, 3 = -15*v - 3*b. Let o(l) = 5 - 2*l - 6 + 5. What is o(v)?
4
Let v(a) = 8*a**2 - 30*a - 22. Let w(c) = c**2 - 2*c - 3. Let m(l) = -v(l) + 7*w(l). Give m(16).
1
Let w(k) be the second derivative of k**4/12 + 7*k**3/2 + 95*k**2/2 - 14*k - 38. Give w(-5).
15
Let t(j) = -j**2 + 6*j - 7. Let w(y) = -y - 2. Let z be w(-7). Suppose 3*d + 189 = -4*a, -4*a + 3*d - 186 = z*d. Let x = a + 50. Calculate t(x).
-2
Suppose -6*a + 11*a + 3470 = -5*j, -2*j - 1373 = -a. Let y = 687 + j. Let t(f) = 4*f**2 + 3*f + 1. Give t(y).
11
Let w = -248 + 252. Let f(g) = 3 - 9*g**2 + 11091*g**3 - 5*g + w - 11092*g**3. What is f(-8)?
-17
Let k(v) = v**3 + 4*v**2 - 10*v - 9. Let i(r) = 18*r**2 + 0*r**3 + 1 + r**3 + 1 - 8 - 19*r. Let f be i(-19). What is k(f)?
-21
Let z(n) = 7*n**2 - 2*n + 6. Let l(k) = 3*k + k - 15*k**2 + 4 - 17. Let q(m) = 6*l(m) + 13*z(m). Suppose -82*o + 1329 = 361*o. Calculate q(o).
3
Let o be (1 - 5)/((-1)/(-3)). Let b(h) be the second derivative of -h**5/20 - 11*h**4/12 + 13*h**3/6 + 3*h**2 - 4327*h. Calculate b(o).
-6
Let i = 135 - 232. Let c = i - -99. Let v(n) = -3*n - 2*n**2 + 2*n**2 + 1 + 3*n**2. What is v(c)?
7
Let p(l) be the second derivative of -l**7/2520 + l**5/30 - l**4/4 - 8*l. Let b(t) be the third derivative of p(t). Suppose -3*f = 9*f - 36. Calculate b(f).
-5
Suppose -10 = -5*i, 2*o - 5*o - 4*i + 176 = 0. Suppose 4*p - s - o = -3*s, -s = p - 13. Let u(c) = 5 - 4 - p*c + 4*c**2 - 5*c**2 + 10*c. Determine u(-6).
-5
Suppose -57*d + 61*d - 124 = -4*h, -2*h + 26 = -4*d. Let j(g) = g**3 - 25*g**2 - 4*g + 11. Give j(h).
-89
Let m(r) = 17*r - 12. Let z(o) = -14*o + 12. Let f(q) = -5*m(q) - 6*z(q). Let t = 3 + -18. Let s = 5 + t. Calculate f(s).
-2
Let q(g) = -3*g**2 - 30*g + 15. Let z be (1372/1029)/(4/(-30)). What is q(z)?
15
Suppose 4 = 39*j - 37*j. Let n(q) = -4*q**2 - 9*q - 9 + 4*q**j + 2*q**2. What is n(7)?
26
Let r(h) = 61*h + 66*h - 199*h + 1 + 58*h. Let j(b) = 3*b + 34. Let s be j(0). Let u be (-95)/(-85) + (-4)/s. Determine r(u).
-13
Let j(c) = c**2 + 29*c + 52. Let s be j(-27). Let r be (s - (-24)/10)/((-8)/(-40)). Let g(a) = 5 - 1 - 4 - 3*a. Calculate g(r).
-6
Let m be (-120)/24 - (-101)/1. Let c be (5 - m/10) + (-15)/(-25). Let u(f) = 2*f**2 + 5*f - 4. Calculate u(c).
8
Let s(t) = 8*t**2 - 6*t + 1. Let k be (-14)/10 + 432/80. What is s(k)?
105
Let u(t) = -t**3 + 4*t**2 - 3*t - 8. Suppose 3*n - 4 = 2*q, 15*q + n - 16 = 12*q. What is u(q)?
-20
Let h(c) be the first derivative of c**3/3 - 3*c**2 - 22*c - 1310. Calculate h(9).
5
Let u = -3672 - -3679. Let d(k) be the third derivative of -k**5/60 + k**4/8 - 7*k**3/6 + 5*k**2. Determine d(u).
-35
Let j be 14/(-35)*2 + (-91)/5. Let v(p) = p**3 + 18*p**2 - 23*p - 4. Calculate v(j).
72
Suppose -28 = 36*h - 38*h. Suppose -12*g + h*g = -16. Let m(z) = z + 9. What is m(g)?
1
Let w = 223 + -221. Let m(b) = 23 + 18*b + 59*b**w - 130*b**2 + 72*b**2. Determine m(-16).
-9
Let a = -1196 + 1210. Let k(q) = 5*q - 20. Give k(a).
50
Let k(g) = -3*g - 4. Let a(l) = 7*l + 143. Let j be a(-21). Let t be (20/30)/(j/36). What is k(t)?
14
Let j(u) = 2*u + 6. Let m be j(-4). Let p(q) = -q**3 - q**2. Let k be p(m). Suppose 60 = k*g - 16*g. Let n(w) = w**2 + 6*w + 1. Give n(g).
-4
Let v(w) = -785 - 1097 + 1988 + 13*w. Determine v(-10).
-24
Let u(r) = r**3 - 2*r - 7. Let z(x) = -8*x**3 + 66*x**2 - 50*x - 10. Let y(h) = 6*u(h) + z(h). Calculate y(32).
12
Let p(a) = a + 1. Let m(x) = -15*x - 6. Let f(d) = -m(d) - 5*p(d). Let v be (-12 + 5)/(-35) + 4/5. What is f(v)?
11
Suppose 5*r - 17*x + 22*x = -55, 2*r + 26 = -3*x. Let h(m) = -m**3 - 9*m**2 - 16*m - 14. Calculate h(r).
0
Suppose 18 = 19*z - z. Let l(b) be the second derivative of 1/2*b**2 - 1/6*b**3 - 5/12*b**4 + 0 - 3*b. Give l(z).
-5
Let c be -87 + 93 + 2 + -15 + 1. Let n(m) = -m**2 - 30*m - 146. Determine n(c).
-2
Let k(n) = 5*n**3 + 8*n**2 - 3*n + 5. Let s(x) = 2*x**3 + 2*x**2 - x - 1. Let f(g) = -k(g) + 2*s(g). Let z = 2 + -7. What is f(z)?
13
Let o(b) be the first derivative of b**2/2 + 47*b + 6010. Determine o(-27).
20
Let d be (-3 - (0 + 1)) + 6. Let a(w) = w**3 - w**2 - 2*w. Let r(j) = 8*j**3 - 8*j**2 - 13*j - 1. Let z(c) = 6*a(c) - r(c). Determine z(d).
-5
Let a(t) = 3*t - 2. Let x(n) = 4*n - 2. Let h = -24 + 29. Suppose h = -8*d + 3*d. Let l be x(d). Calculate a(l).
-20
Let z be ((-21)/(-28))/(3/8). Let a(q) be the second derivative of 6*q**z + 17*q + 0 - 1/6*q**3. What is a(7)?
5
Let p = -24 - -16. Suppose -3*y = -6, -4*y = -c - 5*y + 3. Let f(n) = 4 - c + 6 + 2*n + 2 + 0*n. What is f(p)?
-5
Let f(z) be the second derivative of -z**5/20 - z**2/2 - z. Suppose -1 - 6 = -n. Suppose n*w + 40*w = 0. Determine f(w).
-1
Let p(s) = 52 - 35 + 15 - 8*s + 39 - 1. What is p(8)?
6
Let d(s) be the first derivative of s**4/4 + 5*s**3/3 + 3*s**2/2 + s - 9. Let v = 54 - 48. Let i = 2 - v. What is d(i)?
5
Let z(y) be the third derivative of y**6/120 + y**5/10 - y**4/6 - 5*y**3/2 + 33*y**2 - 149. Give z(-6).
9
Let b(f) be the second derivative of -f**4/3 - 4*f**3 - 3*f**2 - 178*f - 1. Let j be b(-6). Let h(g) = -5*g - 31. Give h(j).
-1
Let i(s) = 5*s**3 - 3*s**2 + 5*s - 8. Let u(r) = 11*r**3 - 5*r**2 + 11*r - 16. Let l be (-4)/(-14) - (-1352)/364. Let x(m) = l*u(m) - 9*i(m). Calculate x(7).
1
Let k(o) = -o**2 - 21*o - 51. Let w be k(-8). Let z = 45 - w. Let r(j) = j**3 + 9*j**2 + 4*j - 10. Calculate r(z).
22
Let z(j) = -j**2 + 2*j + 2. Suppose -146 = 4*v - 22. Let w be 358/10 - (24/30 - 0). Let t = v + w. Give z(t).
-6
Suppose t - 61 = -3*k, 0 = 2*k + 3*t - 10 - 33. Let r(b) be the first derivative of -5/3*b**3 - b - 1/4*b**4 + 7/2*b**2 + k. Give r(-6).
-7
Let s be (-24)/18*((-10 - -1) + 0). Let q(b) = b**2 + 30*b + 42*b - 103*b + s + 45*b. What is q(-13)?
-1
Let k(m) = 4 - 185*m + 19*m**3 + 21*m**2 - 13*m**2 + 395*m - 39*m**3 - 199*m + 21*m**3. Suppose -2 = -2*h, -2*h = z + 2*h + 3. Give k(z).
-24
Let a(f) be the third derivative of -f**4/8 - 7*f**3/6 - 3*f**2 + 31. Determine a(-6).
11
Let z(i) = -i**2 + 5*i + 14. Let q = 2806 + -2799. What is z(q)?
0
Let w be 9/12 - ((-2585)/(-540) - 72/1944). Let a(r) = -2 + 9*r**2 + r**3 + 3 - 4*r**2 + 4*r. Give a(w).
1
Let s(l) = 8*l**2 - 1. Let h be (0 + -2)/(1/(-22)). Let a = h - 42. Suppose a*o + 2 = 4. Determine s(o).
7
Let m = 124 + -85. Let s(i) = i**3 - 39*i**2 - i - 2*i**3 - 4 + m*i**2. Let c(z) = -z**2 - 39*z + 322. Let u be c(-46). Give s(u).
-4
Let o(d) = -d - 3*d + 4 + 5*d - 5*d. Suppose 4*h + 2*y = -6, 2*y - 22 = 21*h - 18*h. Calculate o(h).
20
Let l = -39009 + 39011. Let r(z) = -13*z**3 + 10*z**2 - 7*z - 3. Let m(k) = -4*k**3 + 3*k**2 - 2*k - 1. Let y(c) = -7*m(c) + 2*r(c). Give y(l).
13
Let m(t) = 1 + 6*t + 12*t - 22*t + 1 - 3. Let p be (-2 + -2)/(0 - -1). Calculate m(p).
15
Let r(q) = -q**3 + 5*q**2 - 2*q + 1. 